on divisor of 34493 and 493.
17
What is the highest common divisor of 2225 and 1200?
25
What is the greatest common factor of 35682 and 570?
114
Calculate the greatest common factor of 249585 and 105.
105
What is the greatest common divisor of 450 and 121770?
90
Calculate the greatest common factor of 87800 and 375.
25
What is the greatest common divisor of 591 and 687?
3
Calculate the highest common factor of 10354 and 668.
334
What is the highest common divisor of 14742 and 18306?
162
Calculate the greatest common factor of 4992 and 1958112.
1248
What is the highest common factor of 9971244 and 2088?
1044
Calculate the greatest common factor of 48 and 1485192.
24
What is the greatest common divisor of 1799 and 9?
1
Calculate the highest common factor of 122864 and 112.
112
Calculate the highest common factor of 1867 and 1.
1
What is the greatest common factor of 558941 and 367?
367
Calculate the highest common factor of 58 and 176.
2
Calculate the highest common factor of 3564 and 321684.
132
Calculate the greatest common factor of 472 and 56.
8
Calculate the highest common divisor of 1710 and 1440.
90
Calculate the greatest common divisor of 426 and 9642.
6
What is the greatest common factor of 280 and 264145?
35
Calculate the greatest common factor of 5644 and 70052.
332
Calculate the greatest common divisor of 12 and 907176.
12
What is the greatest common factor of 690 and 270411?
69
Calculate the highest common factor of 215 and 49106.
43
Calculate the greatest common factor of 2 and 143932.
2
Calculate the highest common factor of 60 and 1424130.
30
What is the highest common factor of 52 and 1284127?
13
What is the greatest common factor of 2124 and 9756?
36
Calculate the greatest common factor of 30959 and 2.
1
Calculate the greatest common divisor of 29 and 519709.
29
What is the greatest common factor of 728 and 85288?
56
Calculate the highest common divisor of 48 and 30870.
6
Calculate the highest common divisor of 9112 and 196712.
536
Calculate the greatest common divisor of 27232 and 122912.
736
Calculate the greatest common divisor of 11389141 and 1214.
607
What is the highest common divisor of 1165 and 110?
5
What is the greatest common divisor of 107063 and 33?
11
What is the highest common divisor of 24 and 7356?
12
What is the greatest common factor of 937296 and 138?
138
Calculate the highest common factor of 715 and 162565.
65
Calculate the greatest common factor of 753 and 17850.
3
What is the highest common divisor of 53 and 4076442?
53
Calculate the highest common factor of 30411 and 108.
9
Calculate the greatest common factor of 513950 and 304.
38
Calculate the highest common factor of 698 and 218.
2
What is the highest common factor of 10350 and 63150?
150
Calculate the greatest common factor of 11670518 and 362.
362
What is the highest common factor of 380560 and 134?
134
Calculate the highest common divisor of 226 and 126899.
113
Calculate the highest common divisor of 8514 and 204534.
198
Calculate the highest common divisor of 1010 and 1493184.
202
What is the greatest common divisor of 129065 and 13280?
415
What is the highest common divisor of 174 and 2116362?
174
What is the highest common divisor of 135894 and 174?
174
What is the highest common factor of 17 and 44948?
17
Calculate the greatest common factor of 920822 and 3066.
1022
Calculate the highest common factor of 2898 and 2802.
6
What is the highest common divisor of 18200 and 3400?
200
Calculate the greatest common divisor of 639469 and 46.
23
What is the greatest common factor of 2233 and 18821?
319
What is the greatest common factor of 1092 and 21047?
13
What is the highest common divisor of 275 and 115775?
275
Calculate the highest common divisor of 394944 and 121.
121
What is the greatest common divisor of 789330 and 6?
6
Calculate the greatest common factor of 83314 and 77.
77
What is the highest common factor of 530943 and 579?
579
Calculate the greatest common divisor of 4515 and 2532012.
903
What is the greatest common divisor of 341301 and 261?
87
What is the highest common divisor of 343455 and 35?
35
Calculate the highest common factor of 8602 and 821882.
782
What is the greatest common factor of 474 and 5952?
6
Calculate the highest common divisor of 2000 and 9960.
40
What is the highest common divisor of 2 and 55874?
2
Calculate the highest common divisor of 249375 and 133.
133
Calculate the highest common factor of 9860677 and 19.
19
What is the highest common divisor of 1288 and 7168?
56
What is the highest common divisor of 64273 and 1991?
11
What is the highest common divisor of 1457 and 1363?
47
Calculate the greatest common divisor of 9818 and 2.
2
What is the greatest common divisor of 26724 and 14178?
102
What is the greatest common divisor of 5994740 and 10?
10
Calculate the greatest common factor of 185652 and 54.
54
Calculate the highest common factor of 409008 and 32.
16
Calculate the highest common factor of 96 and 88212.
12
What is the greatest common factor of 1309 and 35651?
77
What is the highest common factor of 334 and 332998?
334
Calculate the highest common factor of 1716 and 8448.
132
Calculate the highest common divisor of 8494 and 2466.
274
What is the highest common factor of 3648 and 102240?
96
What is the highest common divisor of 1 and 3987?
1
What is the greatest common divisor of 968 and 24321?
121
What is the greatest common divisor of 156 and 28236?
156
Calculate the greatest common divisor of 62 and 4299793.
31
Calculate the greatest common divisor of 9 and 2463.
3
Calculate the highest common factor of 648427 and 31.
31
Calculate the highest common factor of 16131 and 249606.
849
Calculate the highest common factor of 111550 and 7450.
50
What is the highest common factor of 6195 and 54600?
105
Calculate the greatest common divisor of 103823 and 47.
47
What is the greatest common divisor of 754 and 406588?
26
Calculate the greatest common factor of 20 and 14990.
10
What is the highest common factor of 381 and 233172?
381
Calculate the highest common factor of 6726 and 3599.
59
Calculate the highest common factor of 275656 and 8.
8
What is the greatest common factor of 7 and 184079?
7
What is the greatest common divisor of 7483 and 3266864?
1069
Calculate the greatest common factor of 312 and 351663.
39
Calculate the highest common divisor of 1216 and 13088.
32
Calculate the highest common factor of 113517 and 72.
9
Calculate the highest common factor of 383 and 3730037.
383
Calculate the greatest common divisor of 32880 and 1200.
240
What is the highest common divisor of 398 and 172334?
398
What is the greatest common divisor of 39 and 7241?
13
Calculate the highest common divisor of 35867 and 6851.
403
What is the greatest common divisor of 12441 and 897?
39
Calculate the greatest common factor of 357 and 258706.
119
What is the highest common factor of 341 and 218581?
341
What is the highest common factor of 126 and 862?
2
Calculate the greatest common divisor of 50132 and 996.
332
Calculate the highest common divisor of 794734 and 1256.
314
What is the greatest common divisor of 31697 and 29?
29
Calculate the greatest common factor of 76146 and 7.
7
What is the highest common divisor of 1857454 and 68?
34
Calculate the highest common divisor of 500 and 3192625.
125
Calculate the highest common factor of 3411 and 477.
9
What is the highest common factor of 4876 and 1012?
92
What is the greatest common divisor of 275 and 7750?
25
Calculate the highest common factor of 1126660 and 10.
10
What is the greatest common divisor of 18 and 938484?
18
Calculate the greatest common factor of 109824 and 14256.
528
What is the greatest common divisor of 3645 and 7065?
45
Calculate the greatest common divisor of 8227 and 152.
19
Calculate the greatest common divisor of 4 and 310052.
4
What is the highest common factor of 317652 and 206?
206
Calculate the greatest common factor of 117 and 1289457.
117
Calculate the greatest common divisor of 13 and 11575733.
13
What is the highest common factor of 86039 and 1746?
97
What is the highest common divisor of 8 and 34148?
4
What is the highest common factor of 11397 and 1392?
87
Calculate the greatest common divisor of 58779 and 14.
7
What is the greatest common divisor